t are the prime factors of 4409034?
2, 3, 7, 113, 929
What are the prime factors of 244194?
2, 3, 40699
List the prime factors of 502910.
2, 5, 50291
List the prime factors of 728644.
2, 7, 53, 491
What are the prime factors of 783605?
5, 53, 2957
List the prime factors of 1286627.
269, 4783
What are the prime factors of 148370?
2, 5, 37, 401
List the prime factors of 510807.
3, 11, 23, 673
List the prime factors of 138349.
138349
List the prime factors of 333902.
2, 73, 2287
List the prime factors of 731978.
2, 13, 47, 599
List the prime factors of 181855.
5, 37, 983
List the prime factors of 816647.
13, 62819
List the prime factors of 27251407.
193, 141199
List the prime factors of 914096.
2, 57131
What are the prime factors of 5284754?
2, 97, 27241
What are the prime factors of 1499857?
1499857
List the prime factors of 27378.
2, 3, 13
List the prime factors of 424426.
2, 137, 1549
What are the prime factors of 971501?
971501
List the prime factors of 3082892.
2, 547, 1409
What are the prime factors of 174494?
2, 43, 2029
List the prime factors of 471850.
2, 5, 9437
What are the prime factors of 522493?
29, 43, 419
List the prime factors of 4660119.
3, 172597
What are the prime factors of 13284031?
61, 217771
List the prime factors of 820642.
2, 29, 14149
What are the prime factors of 1164706?
2, 449, 1297
List the prime factors of 464779.
7, 67, 991
List the prime factors of 299316.
2, 3, 24943
What are the prime factors of 919787?
11, 83617
What are the prime factors of 1205815?
5, 13, 1427
List the prime factors of 62212.
2, 103, 151
List the prime factors of 15870131.
15870131
List the prime factors of 5253860.
2, 5, 262693
What are the prime factors of 49020?
2, 3, 5, 19, 43
What are the prime factors of 902437?
902437
List the prime factors of 2157890.
2, 5, 7, 29, 1063
What are the prime factors of 2884963?
2884963
List the prime factors of 17243725.
5, 79, 8731
List the prime factors of 459663.
3, 17, 9013
List the prime factors of 5448308.
2, 263, 5179
What are the prime factors of 1235502?
2, 3, 68639
List the prime factors of 264418.
2, 7, 11, 17, 101
List the prime factors of 3795005.
5, 759001
What are the prime factors of 7126679?
7, 1018097
What are the prime factors of 445349?
17, 23, 67
List the prime factors of 406495.
5, 81299
List the prime factors of 3607975.
5, 7, 53, 389
List the prime factors of 252182.
2, 7, 18013
What are the prime factors of 7042537?
2207, 3191
What are the prime factors of 3196808?
2, 399601
List the prime factors of 850949.
11, 77359
What are the prime factors of 253077?
3, 11, 7669
What are the prime factors of 6744812?
2, 1686203
What are the prime factors of 206305?
5, 11, 31
List the prime factors of 248554.
2, 124277
What are the prime factors of 5349645?
3, 5, 7, 17, 37
List the prime factors of 372736.
2, 7, 13
List the prime factors of 4781081.
107, 44683
List the prime factors of 6101783.
6101783
What are the prime factors of 5792970?
2, 3, 5, 31, 6229
List the prime factors of 14123770.
2, 5, 17, 251, 331
List the prime factors of 23595317.
101, 233617
List the prime factors of 113803.
317, 359
List the prime factors of 3116027.
31, 100517
List the prime factors of 131288.
2, 16411
List the prime factors of 20113600.
2, 5, 13, 967
List the prime factors of 172608.
2, 3, 29, 31
What are the prime factors of 3199976?
2, 13, 29, 1061
What are the prime factors of 272631?
3, 19, 4783
What are the prime factors of 11908172?
2, 2977043
List the prime factors of 4255473.
3, 1418491
What are the prime factors of 7340778?
2, 3, 407821
List the prime factors of 22070881.
7, 3152983
What are the prime factors of 1151331?
3, 383777
What are the prime factors of 6947822?
2, 7, 47, 10559
What are the prime factors of 3565262?
2, 227, 7853
What are the prime factors of 212322?
2, 3, 11, 3217
List the prime factors of 1192991.
19, 37, 1697
List the prime factors of 491045.
5, 17, 53, 109
What are the prime factors of 125947?
29, 43, 101
List the prime factors of 29851558.
2, 11, 17, 79817
List the prime factors of 17163.
3, 1907
List the prime factors of 17977135.
5, 11, 19, 17203
What are the prime factors of 18171683?
18171683
List the prime factors of 382032.
2, 3, 7, 379
List the prime factors of 615008.
2, 19219
What are the prime factors of 212284?
2, 73, 727
List the prime factors of 1873005.
3, 5, 23, 61, 89
What are the prime factors of 3143748?
2, 3, 53, 4943
What are the prime factors of 1104949?
17, 64997
List the prime factors of 521592.
2, 3, 103, 211
List the prime factors of 12995985.
3, 5, 866399
List the prime factors of 685772.
2, 173, 991
List the prime factors of 14034794.
2, 2549, 2753
What are the prime factors of 1979060?
2, 5, 98953
List the prime factors of 185454.
2, 3, 10303
List the prime factors of 96966.
2, 3, 5387
List the prime factors of 953801.
97, 9833
What are the prime factors of 2367096?
2, 3, 19, 29, 179
What are the prime factors of 1407622?
2, 59, 79, 151
What are the prime factors of 16897?
61, 277
List the prime factors of 1594008.
2, 3, 13, 131
What are the prime factors of 134799?
3, 7, 131
What are the prime factors of 198791?
269, 739
What are the prime factors of 2087642?
2, 353, 2957
What are the prime factors of 22703016?
2, 3, 7, 337, 401
List the prime factors of 4278478.
2, 53, 181, 223
What are the prime factors of 323391?
3, 17, 373
List the prime factors of 1412059.
11, 137, 937
What are the prime factors of 9163532?
2, 7, 83, 3943
List the prime factors of 1570962.
2, 3, 43, 6089
List the prime factors of 2326874.
2, 11, 105767
List the prime factors of 5600842.
2, 13, 215417
List the prime factors of 38575504.
2, 11, 149, 1471
List the prime factors of 757380.
2, 3, 5, 13, 971
What are the prime factors of 363976?
2, 45497
List the prime factors of 1460205.
3, 5, 37, 877
List the prime factors of 938375.
5, 7507
What are the prime factors of 98095?
5, 23, 853
What are the prime factors of 95723?
95723
What are the prime factors of 8247?
3, 2749
What are the prime factors of 155201?
155201
List the prime factors of 744694.
2, 23, 16189
What are the prime factors of 228632?
2, 28579
What are the prime factors of 1297836?
2, 3, 61, 197
What are the prime factors of 66940?
2, 5, 3347
List the prime factors of 908024.
2, 13, 8731
List the prime factors of 920557.
11, 53, 1579
List the prime factors of 9331173.
3, 345599
List the prime factors of 1574245.
5, 19, 73, 227
What are the prime factors of 3402632?
2, 425329
List the prime factors of 2681088.
2, 3, 3491
List the prime factors of 5420976.
2, 3, 11, 10267
What are the prime factors of 5966121?
3, 7, 43, 6607
List the prime factors of 81647.
81647
List the prime factors of 16649547.
3, 101, 54949
List the prime factors of 10665561.
3, 53, 67079
List the prime factors of 18088558.
2, 9044279
What are the prime factors of 1434090?
2, 3, 5, 7, 6829
List the prime factors of 4924154.
2, 19, 101, 1283
What are the prime factors of 144713?
47, 3079
What are the prime factors of 19213065?
3, 5, 142319
List the prime factors of 153214.
2, 76607
What are the prime factors of 3339343?
7, 71, 6719
What are the prime factors of 145154?
2, 72577
List the prime factors of 24363118.
2, 13, 23, 131, 311
What are the prime factors of 3328464?
2, 3, 17, 4079
List the prime factors of 660703.
31, 21313
List the prime factors of 283041.
3, 11, 953
What are the prime factors of 591998?
2, 11, 71, 379
List the prime factors of 58329.
3, 6481
List the prime factors of 3915180.
2, 3, 5, 21751
List the prime factors of 21089237.
13, 499, 3251
List the prime factors of 1535881.
443, 3467
List the prime factors of 555832.
2, 17, 61, 67
What are the prime factors of 2558697?
3, 241, 3539
What are the prime factors of 181121?
71, 2551
What are the prime factors of 145510?
2, 5, 14551
List the prime factors of 16689365.
5, 7, 11, 67, 647
What are the prime factors of 9012425?
5, 360497
List the prime factors of 167901.
3, 55967
What are the prime factors of 1793031?
3, 597677
List the prime factors of 10970961.
3, 19, 29, 6637
List the prime factors of 65736.
2, 3, 11, 83
List the prime factors of 746288.
2, 46643
List the prime factors of 361733.
67, 5399
List the prime factors of 27936.
2, 3, 97
List the prime fact